{"id":454,"date":"2024-01-12T17:20:00","date_gmt":"2024-01-12T16:20:00","guid":{"rendered":"http:\/\/clapat-themes.com\/wordpress\/manifesto\/?post_type=manifesto_portfolio&#038;p=454"},"modified":"2024-03-12T11:44:55","modified_gmt":"2024-03-12T10:44:55","slug":"perspectives-magazine","status":"publish","type":"manifesto_portfolio","link":"https:\/\/www.perpetuel.studio\/index.php\/portfolio\/perspectives-magazine\/","title":{"rendered":"PersPectives"},"content":{"rendered":"\n<div class=\"wp-block-manifesto-gutenberg-container content-row light-section normal change-header-color\" data-bgcolor=\"#ffffff\" style=\"text-align:left\">\n<div style=\"height:100px\" aria-hidden=\"true\" class=\"wp-block-spacer\"><\/div>\n\n\n\n<p>Sp\u00e9cialiste en gestion de projet, j&rsquo;ai pilot\u00e9 avec succ\u00e8s la cr\u00e9ation et la r\u00e9alisation d&rsquo;un magazine de marque bilingue Fran\u00e7ais\/Anglais. Destin\u00e9 \u00e0 un r\u00e9seau de magasins premium, ce magazine unique pr\u00e9sente et valorise divers savoir-faire en se concentrant sur un pays diff\u00e9rent \u00e0 chaque num\u00e9ro, explorant ainsi sa culture et ses arts. <\/p>\n\n\n\n<p>Dans ce cadre, j&rsquo;ai assur\u00e9 la coordination efficace des \u00e9quipes et des prestataires, en veillant au respect strict du planning. J&rsquo;ai pris en charge la cr\u00e9ation de la charte graphique, d\u00e9fini les sp\u00e9cificit\u00e9s des papiers, des tons directs, ainsi que les techniques d&rsquo;impression. J&rsquo;ai \u00e9galement r\u00e9alis\u00e9 la mise en page du magazine, combinant esth\u00e9tique et fonctionnalit\u00e9 pour garantir un rendu de haute qualit\u00e9 qui refl\u00e8te l&rsquo;excellence de chaque sujet trait\u00e9.<\/p>\n\n\n\n<div style=\"height:100px\" aria-hidden=\"true\" class=\"wp-block-spacer\"><\/div>\n<\/div>\n\n\n\n<div class=\"wp-block-manifesto-gutenberg-container content-row light-section normal row_padding_bottom change-header-color\" data-bgcolor=\"#ffffff\" style=\"text-align:left\">\n<div class=\"wp-block-columns is-layout-flex wp-container-core-columns-is-layout-9d6595d7 wp-block-columns-is-layout-flex\">\n<div class=\"wp-block-column is-layout-flow wp-block-column-is-layout-flow\">\n<div class=\"vertical-parallax\" data-startparallax=\"0.0\" data-endparallax=\"0.3\"><figure class=\" \"><a class=\"image-link\" href=\"https:\/\/www.perpetuel.studio\/wp-content\/uploads\/2023\/09\/PopupImage-Perspectives1.jpg\"><img decoding=\"async\" src=\"https:\/\/www.perpetuel.studio\/wp-content\/uploads\/2023\/09\/PopupImage-Perspectives1.jpg\" alt=\"Magazine Perspectives sur un rocher\" \/><\/a><figcaption>Couverture du magazin PersPectives<\/figcaption><\/figure><\/div>\n<\/div>\n\n\n\n<div class=\"wp-block-column is-layout-flow wp-block-column-is-layout-flow\">\n<div class=\"vertical-parallax\" data-startparallax=\"0.0\" data-endparallax=\"-0.1\"><figure class=\" \"><a class=\"image-link\" href=\"https:\/\/www.perpetuel.studio\/wp-content\/uploads\/2023\/09\/PopupImage-Perspectives3.jpg\"><img decoding=\"async\" src=\"https:\/\/www.perpetuel.studio\/wp-content\/uploads\/2023\/09\/PopupImage-Perspectives3.jpg\" alt=\"Pages int\u00e9rieurs du magazine\" \/><\/a><figcaption>Magazine Perspectives ouvert<\/figcaption><\/figure><\/div>\n<\/div>\n\n\n\n<div class=\"wp-block-column is-layout-flow wp-block-column-is-layout-flow\">\n<div class=\"vertical-parallax\" data-startparallax=\"0.0\" data-endparallax=\"0.15\"><figure class=\" \"><a class=\"image-link\" href=\"https:\/\/www.perpetuel.studio\/wp-content\/uploads\/2023\/09\/PopupImage-Perspectives2.jpg\"><img decoding=\"async\" src=\"https:\/\/www.perpetuel.studio\/wp-content\/uploads\/2023\/09\/PopupImage-Perspectives2.jpg\" alt=\"Vue des pages int\u00e9rieurs de la brochure Perpspectives\" \/><\/a><figcaption>Vue des pages int\u00e9rieurs de la brochure Perpspectives<\/figcaption><\/figure><\/div>\n<\/div>\n<\/div>\n<\/div>\n\n\n\n<div class=\"wp-block-manifesto-gutenberg-container content-row light-section small row_padding_top row_padding_bottom change-header-color\" data-bgcolor=\"#ffffff\" style=\"text-align:left\">\n<h4 class=\"wp-block-heading has-text-align-center\"><span class=\"has-mask-fill\">L&rsquo;horizon souligne l&rsquo;infini<\/span><\/h4>\n\n\n\n<p class=\"has-text-align-center\"><span class=\"has-span-indent\"><em>Victor Hugo<\/em><\/span><\/p>\n<\/div>\n\n\n\n<div class=\"wp-block-manifesto-gutenberg-container content-row light-section full change-header-color\" data-bgcolor=\"#ffffff\" style=\"text-align:left\">\n<figure class=\"wp-block-manifesto-gutenberg-parallax-image has-parallax has-parallax-content\" data-delay=\"0\"><img decoding=\"async\" src=\"https:\/\/www.perpetuel.studio\/wp-content\/uploads\/2023\/09\/Hero_Banner-Perspectives.jpg\" alt=\"Couvertures du magazine PersPectives\"\/><div class=\"parallax-image-content content-full-width text-align-center\"><div class=\"outer\"><div class=\"inner\"><\/div><\/div><\/div><\/figure>\n<\/div>\n","protected":false},"template":"","portfolio_category":[10],"class_list":["post-454","manifesto_portfolio","type-manifesto_portfolio","status-publish","hentry","portfolio_category-production-de-contenu"],"_links":{"self":[{"href":"https:\/\/www.perpetuel.studio\/index.php\/wp-json\/wp\/v2\/manifesto_portfolio\/454","targetHints":{"allow":["GET"]}}],"collection":[{"href":"https:\/\/www.perpetuel.studio\/index.php\/wp-json\/wp\/v2\/manifesto_portfolio"}],"about":[{"href":"https:\/\/www.perpetuel.studio\/index.php\/wp-json\/wp\/v2\/types\/manifesto_portfolio"}],"wp:attachment":[{"href":"https:\/\/www.perpetuel.studio\/index.php\/wp-json\/wp\/v2\/media?parent=454"}],"wp:term":[{"taxonomy":"portfolio_category","embeddable":true,"href":"https:\/\/www.perpetuel.studio\/index.php\/wp-json\/wp\/v2\/portfolio_category?post=454"}],"curies":[{"name":"wp","href":"https:\/\/api.w.org\/{rel}","templated":true}]}}

<div class="wp-block-manifesto-gutenberg-container content-row light-section normal change-header-color" data-bgcolor="#ffffff" style="text-align:left">
<div style="height:100px" aria-hidden="true" class="wp-block-spacer"></div>



<p>Spécialiste en gestion de projet, j&rsquo;ai piloté avec succès la création et la réalisation d&rsquo;un magazine de marque bilingue Français/Anglais. Destiné à un réseau de magasins premium, ce magazine unique présente et valorise divers savoir-faire en se concentrant sur un pays différent à chaque numéro, explorant ainsi sa culture et ses arts. </p>



<p>Dans ce cadre, j&rsquo;ai assuré la coordination efficace des équipes et des prestataires, en veillant au respect strict du planning. J&rsquo;ai pris en charge la création de la charte graphique, défini les spécificités des papiers, des tons directs, ainsi que les techniques d&rsquo;impression. J&rsquo;ai également réalisé la mise en page du magazine, combinant esthétique et fonctionnalité pour garantir un rendu de haute qualité qui reflète l&rsquo;excellence de chaque sujet traité.</p>



<div style="height:100px" aria-hidden="true" class="wp-block-spacer"></div>
</div>



<div class="wp-block-manifesto-gutenberg-container content-row light-section normal row_padding_bottom change-header-color" data-bgcolor="#ffffff" style="text-align:left">
<div class="wp-block-columns is-layout-flex wp-container-core-columns-is-layout-9d6595d7 wp-block-columns-is-layout-flex">
<div class="wp-block-column is-layout-flow wp-block-column-is-layout-flow">
<div class="vertical-parallax" data-startparallax="0.0" data-endparallax="0.3"><figure class=" "><a class="image-link" href="https://www.perpetuel.studio/wp-content/uploads/2023/09/PopupImage-Perspectives1.jpg"><img decoding="async" src="https://www.perpetuel.studio/wp-content/uploads/2023/09/PopupImage-Perspectives1.jpg" alt="Magazine Perspectives sur un rocher" /></a><figcaption>Couverture du magazin PersPectives</figcaption></figure></div>
</div>



<div class="wp-block-column is-layout-flow wp-block-column-is-layout-flow">
<div class="vertical-parallax" data-startparallax="0.0" data-endparallax="-0.1"><figure class=" "><a class="image-link" href="https://www.perpetuel.studio/wp-content/uploads/2023/09/PopupImage-Perspectives3.jpg"><img decoding="async" src="https://www.perpetuel.studio/wp-content/uploads/2023/09/PopupImage-Perspectives3.jpg" alt="Pages intérieurs du magazine" /></a><figcaption>Magazine Perspectives ouvert</figcaption></figure></div>
</div>



<div class="wp-block-column is-layout-flow wp-block-column-is-layout-flow">
<div class="vertical-parallax" data-startparallax="0.0" data-endparallax="0.15"><figure class=" "><a class="image-link" href="https://www.perpetuel.studio/wp-content/uploads/2023/09/PopupImage-Perspectives2.jpg"><img decoding="async" src="https://www.perpetuel.studio/wp-content/uploads/2023/09/PopupImage-Perspectives2.jpg" alt="Vue des pages intérieurs de la brochure Perpspectives" /></a><figcaption>Vue des pages intérieurs de la brochure Perpspectives</figcaption></figure></div>
</div>
</div>
</div>



<div class="wp-block-manifesto-gutenberg-container content-row light-section small row_padding_top row_padding_bottom change-header-color" data-bgcolor="#ffffff" style="text-align:left">
<h4 class="wp-block-heading has-text-align-center"><span class="has-mask-fill">L&rsquo;horizon souligne l&rsquo;infini</span></h4>



<p class="has-text-align-center"><span class="has-span-indent"><em>Victor Hugo</em></span></p>
</div>



<div class="wp-block-manifesto-gutenberg-container content-row light-section full change-header-color" data-bgcolor="#ffffff" style="text-align:left">
<figure class="wp-block-manifesto-gutenberg-parallax-image has-parallax has-parallax-content" data-delay="0"><img decoding="async" src="https://www.perpetuel.studio/wp-content/uploads/2023/09/Hero_Banner-Perspectives.jpg" alt="Couvertures du magazine PersPectives"/><div class="parallax-image-content content-full-width text-align-center"><div class="outer"><div class="inner"></div></div></div></figure>
</div>
